base 2, what is 100011 + -100011101100010101?
-100011101011110010
In base 2, what is -1 + 11011101100101?
11011101100100
In base 12, what is -32212a + 2?
-322128
In base 9, what is -13 - -866?
853
In base 5, what is 40 - -220323?
220413
In base 16, what is 9c96 + 64?
9cfa
In base 11, what is -3360a6 + -1?
-3360a7
In base 9, what is -31337 + -3?
-31341
In base 10, what is -5277 + 224?
-5053
In base 16, what is 3 + 221146?
221149
In base 2, what is 100 - 1011000011011000?
-1011000011010100
In base 7, what is 12304 - -16?
12323
In base 4, what is 2210222 - 10200?
2200022
In base 8, what is -4412 - -31?
-4361
In base 16, what is 14 + -3ca?
-3b6
In base 4, what is -2220221 + 21?
-2220200
In base 12, what is 11 - 30162?
-30151
In base 16, what is -5 - 43abb?
-43ac0
In base 3, what is 10 + -20220002?
-20212222
In base 15, what is -e + -1c3c?
-1c4b
In base 16, what is 1826 + 28?
184e
In base 13, what is 2 - -1465?
1467
In base 4, what is -1200332022 - -10?
-1200332012
In base 9, what is 3083 + 366?
3460
In base 9, what is 4 + -236115?
-236111
In base 8, what is -137566 + -2?
-137570
In base 15, what is 59 + -1a73?
-1a19
In base 3, what is 10 + 11202111100?
11202111110
In base 4, what is -12302333 - 11?
-12303010
In base 5, what is -212 + 312?
100
In base 9, what is -41232 + 38?
-41183
In base 4, what is 3033 + 310?
10003
In base 14, what is a8 + 367?
431
In base 10, what is -44213 + -2?
-44215
In base 3, what is 0 - -1211010?
1211010
In base 12, what is b + 40b2?
4101
In base 12, what is -67 + -1515?
-1580
In base 7, what is 101513 - -11?
101524
In base 11, what is -1 + -65a?
-660
In base 4, what is 2012311 - -32?
2013003
In base 16, what is 2e847 + -b?
2e83c
In base 11, what is 1a4501 - -1?
1a4502
In base 16, what is -6984 - -7?
-697d
In base 8, what is -2 - -134171?
134167
In base 9, what is 1672442 + -5?
1672436
In base 10, what is 265831 + -3?
265828
In base 15, what is 1ed10 - -7?
1ed17
In base 5, what is 10310 + -344?
4411
In base 12, what is 917a - -6?
9184
In base 15, what is 4 + -46494?
-46490
In base 11, what is -214 - -1811?
15a8
In base 16, what is 0 + -1531?
-1531
In base 12, what is -1 + 404992?
404991
In base 13, what is 36b25 + 2?
36b27
In base 9, what is 5 + -30285?
-30280
In base 3, what is 22 + 20020?
20112
In base 5, what is -213302410 - -10?
-213302400
In base 9, what is 4017 - 26?
3881
In base 15, what is -2b - -204b?
2020
In base 13, what is 1 + -4a036?
-4a035
In base 8, what is -3 + -2343?
-2346
In base 11, what is -11a02 - 64?
-11a66
In base 10, what is -88569 + -3?
-88572
In base 10, what is 1461 - 78?
1383
In base 3, what is -22 - 2101202011?
-2101202110
In base 6, what is 20142045 + -3?
20142042
In base 3, what is 2 - 22222000201?
-22222000122
In base 16, what is b39 + -11?
b28
In base 11, what is -321 - -15?
-307
In base 16, what is 2e - -e6d?
e9b
In base 8, what is 3106616 + -2?
3106614
In base 2, what is 1 + -110011000101111110?
-110011000101111101
In base 14, what is 5ca6 - 0?
5ca6
In base 9, what is -18111 - -4?
-18106
In base 5, what is -1100002 - 12?
-1100014
In base 13, what is 1 + -8196?
-8195
In base 7, what is -3351 - -2102?
-1246
In base 10, what is 31560 + 8?
31568
In base 12, what is -61 - 257?
-2b8
In base 14, what is 5 - -1110b?
11112
In base 10, what is 159 - 12904?
-12745
In base 9, what is -1782 - -354?
-1427
In base 12, what is 57 + -2724?
-2689
In base 2, what is 101 - 1001011101000000?
-1001011100111011
In base 7, what is 21025 + 313?
21341
In base 2, what is 100011 + -101110100?
-101010001
In base 3, what is 112221 + 10110?
200101
In base 8, what is 11676 + -13?
11663
In base 12, what is 2 - 124268?
-124266
In base 7, what is 140526521 + 4?
140526525
In base 5, what is -200110 - -11133?
-133422
In base 13, what is 130 - 940?
-810
In base 10, what is -4 - -179895?
179891
In base 2, what is 1110 - 111000010011100?
-111000010001110
In base 5, what is -14024043 + 34?
-14024004
In base 7, what is 0 + 166401?
166401
In base 5, what is -3 + -141124442?
-141130000
In base 16, what is 47669 - -9?
47672
In base 2, what is 1011 + -101111000001?
-101110110110
In base 11, what is -2334790 + -1?
-2334791
In base 3, what is -100 + 2022220001?
2022212201
In base 11, what is 1449 - -84?
1522
In base 13, what is -2 + 61a7?
61a5
In base 5, what is 2 + -233021421?
-233021414
In base 11, what is -85649 + 4?
-85645
In base 14, what is 3 + -6a?
-67
In base 2, what is -11000001 - -11010110?
10101
In base 3, what is 22 + 2121120?
2121212
In base 10, what is 224184 - -3?
224187
In base 14, what is 4cccd2 + 0?
4cccd2
In base 6, what is -422 - -1324?
502
In base 15, what is 4 - -4218?
421c
In base 10, what is 0 - -416931?
416931
In base 4, what is -30022 + -2?
-30030
In base 13, what is 216c5 - -1?
216c6
In base 16, what is -e2 + fe?
1c
In base 4, what is 30200312 - 30?
30200222
In base 2, what is -1110011001101 + 110?
-1110011000111
In base 4, what is -10 + -3032103001?
-3032103011
In base 11, what is -30 + -19219?
-19249
In base 4, what is 123102033 - 10?
123102023
In base 11, what is 194 - 1039?
-955
In base 5, what is 1143 + 1414?
3112
In base 5, what is 4402 - 1014?
3333
In base 4, what is 1010 - 1022323?
-1021313
In base 8, what is 2 - -236022?
236024
In base 11, what is -7 + -381938?
-381944
In base 7, what is 25603 + -6?
25564
In base 8, what is 104354 + 31?
104405
In base 16, what is -5 + -16740?
-16745
In base 8, what is -122 - 1251?
-1373
In base 8, what is 1320746 + -4?
1320742
In base 5, what is -20 + -204142?
-204212
In base 16, what is 165 + -f7?
6e
In base 11, what is -74 + -1555a?
-15623
In base 11, what is -214 + 4?
-210
In base 13, what is -5 - -7773?
776b
In base 7, what is -2162 - -42?
-2120
In base 2, what is 11001111101 + -1100000?
11000011101
In base 2, what is -1010100001000010 + 11?
-1010100000111111
In base 7, what is -1343620 - 24?
-1343644
In base 8, what is -2354063 - 0?
-2354063
In base 15, what is 5 + a33c?
a342
In base 13, what is -5 - -5ba84?
5ba7c
In base 15, what is -2ede + -60?
-304e
In base 4, what is 30203300 + 3?
30203303
In base 7, what is 346 - -10432?
11111
In base 6, what is -12513 + 1?
-12512
In base 12, what is -4aab7 + 4?
-4aab3
In base 11, what is -4444 + 83?
-4371
In base 5, what is 144 - 13110?
-12411
In base 10, what is 271 + 4406?
4677
In base 16, what is 468 - -2d2?
73a
In base 14, what is 5 - -8610?
8615
In base 11, what is -1135216 - 1?
-1135217
In base 15, what is 0 + -493d?
-493d
In base 8, what is 63 - 3321?
-3236
In base 7, what is 200346 - -2?
200351
In base 13, what is -b + -b198?
-b1a6
In base 13, what is 260 - -5?
265
In base 13, what is -10 - -8c6b?
8c5b
In base 2, what is 1100101010101001 + 1?
1100101010101010
In base 10, what is -1 + 9615?
9614
In base 9, what is 4 - 8521?
-8516
In base 8, what is 3 - -14?
17
In base 7, what is -1650614 - -2?
-1650612
In base 4, what is 20100 - 2021?
12013
In base 5, what is 30040010 + 13?
30040023
In base 11, what is -84 - -8971?
8898
In base 12, what is -375 + -1777?
-1b30
In base 14, what is 28 + 9c5?
a0d
In base 13, what is -2 - -96742?
96740
In base 16, what is 1562 + -1c?
1546
In base 6, what is 20252 + 0?
20252
In base 12, what is 683 + -215?
46a
In base 8, what is -5 - -53642?
53635
In base 7, what is 203101 + -2?
203066
In base 4, what is 30002 - -102302?
132310
In base 3, what is 2102102 - -11111212?
20221021
In base 14, what is -35 + 44?
d
In base 7, what is -53332 - -301?
-53031
In base 9, what is 663553 + -3?
663550
In base 10, what is 9 - -32813?
32822
In base 2, what is 101 - -1110011111011000?
1110011111011101
In base 11, what is 747 - -83?
81a
In base 10, what is -47 - 1089?
-1136
In base 15, what is -10 - 439?
-449
In base 16, what is 2b0 - 1aa?
106
In base 13, what is -4a + 10cb?
1081
In base 11, what is 85 + 12a5a?
13034
In base 14, what is 159 - a66?
-90b
In base 11, what is 6405 + 14?
6419
In base 16, what is 9917 + -4?
9913
In base 8, what is -2 - 167233?
-167235
In base 3, what is 11 + -101121001?
-101120220
In base 4, what is -10302210 - -20?
-10302130
In base 8, what is -215 - -775?
560
In base 11, what is -66 + 906?
850
In base 13, what is 0 + 22888?
22888
In base 10, what is -73 - -47?
-26
In base 11, what is -2732a7 - -3?
-2732a4
In base 12, what is -43 - 7b24?
-7b67
In base 4, what is 10102 + -23